3. Give m(j).
1
Let p(t) = 50 - t - 21*t - 51. Calculate p(-1).
21
Let d(t) = -t**3 - 9*t**2 + 3*t + 8. Let m be d(-9). Let k = -7 - m. Suppose k = -5*q + 2. Let h(r) = 2*r**3 + 3*r**2 + 2*r + 1. Determine h(q).
-7
Let o(h) = h + 1. Let q(w) = -w - 3. Let b(x) = -2*o(x) - q(x). Suppose u + 4 = -0*u. Determine b(u).
5
Let h(o) = 4*o + 2 - o - 2*o. Let b(s) = s**3 + 14*s**2 + 12*s - 9. Let r be b(-13). Calculate h(r).
6
Let y(l) be the first derivative of -l**4/4 + 5*l**3/3 + 7*l - 5. What is y(5)?
7
Let o(n) = -20*n + 35. Let d(v) = 7*v - 12. Let g(s) = -17*d(s) - 6*o(s). Let q be g(10). Let m = q + -6. Let h(f) = -2*f**2 - 2*f - 1. Determine h(m).
-5
Let t be 10 - 3 - (4 - 2). Let x(w) = w - 4. Determine x(t).
1
Let i be 182/49 + (-4)/(-14). Let q(h) be the third derivative of 0*h - 1/6*h**3 - 5/24*h**i + 0 + h**2. Determine q(1).
-6
Let h(a) = 5*a. Suppose 0 = 2*n, 5 = 4*u - 4*n + 1. Give h(u).
5
Let h = -5 + 10. Suppose -7 = h*t + f + 2*f, -t + 3 = 5*f. Let j(w) = w**3 + 3*w**2 + w - 2. Give j(t).
0
Let f be (-4)/1*((-30)/24 + 1). Let s(u) be the second derivative of -u**4/4 + u**3/6 + 2*u. Give s(f).
-2
Let p(m) = 0*m**2 - 12*m + 11*m - m**2 - 5 - 5*m. Give p(-4).
3
Let r(v) = v**2 - 4*v + 7. Let o(y) = -y**2 + 9*y - 15. Let z(n) = 6*o(n) + 13*r(n). Give z(-1).
6
Let z(h) = h**3 - 6*h**2 + 6*h - 5. Let k(g) = g**3 - 4*g + 3. Let x = 2 + 0. Let m be k(x). Let s be ((-3)/m - -8) + -2. What is z(s)?
0
Let s(o) = -o**3 + 5*o**2 - o - 2. Suppose 2*x - 2 = 2. Suppose 0 = -x*m - 2*m. Suppose 2*t + 10 = m, -2*p + 5*t = p - 37. Give s(p).
10
Let n(l) be the first derivative of l**6/120 + l**5/15 + l**4/8 + l**3/3 - 3*l**2/2 - 1. Let i(a) be the second derivative of n(a). Calculate i(-3).
2
Let q(d) = -2*d**3 + 2*d - 14. Let o(x) = -x**3 + x - 7. Let g(k) = -13*o(k) + 6*q(k). Let y be g(0). Let n(p) = -p**2 + 8*p - 8. Calculate n(y).
-1
Suppose -d - q + 4 = -0*d, -5*d - 3*q = -18. Let l(k) = k**3 + 9*k**2 + 6*k - 14. Let p be l(-8). Let v(g) = -2 - p*g + g - 6 + d*g. What is v(6)?
4
Let d(x) = -2*x**2 - 4*x. Let t be d(-3). Let j(o) be the first derivative of -o**3/3 - 3*o**2 - 3*o + 4. Give j(t).
-3
Let z(i) = i + 7. Let p(g) = g + 6. Let m(l) = 7*p(l) - 6*z(l). Suppose 0*r - 12 = 3*r. Let k be r/(-3)*(-3)/2. What is m(k)?
-2
Let l = -88 + 89. Let v(x) = -2*x**2 + x - 1. What is v(l)?
-2
Let c = 19 + -20. Let h be (-1 + 1 - -3) + c. Let i(u) = u**2 + u + 2. Determine i(h).
8
Suppose 0 = -0*b + 3*b - 6. Let w(q) = -1 - 8*q + q**b - 2 + 11. Calculate w(6).
-4
Let g = 13/8 + -31/24. Let t(d) be the first derivative of 0*d**2 + g*d**3 + 0*d - 4. What is t(-2)?
4
Let y(f) = 3*f**3 + 10*f**2 - 2*f - 1. Let p(t) = -4*t**3 - 11*t**2 + 3*t. Let d(n) = 4*p(n) + 5*y(n). Give d(6).
7
Let n(c) = -2*c - 8. Let m be 0 + -3*(-2 + 4). Let j be n(m). Let v(b) = 0*b + 4*b - 3 - 2*b. Calculate v(j).
5
Let u(t) = -2*t**2 + 1 - 4*t + 2*t**2 - 2*t**2. Suppose 4*g + 7 = 2*n - n, 3*n + 21 = -2*g. What is u(g)?
-5
Let x(s) = -2*s**3 - 3*s**2 - s. Suppose -2*h + 40 = 4*a + 2*h, -2*a = -2*h. Suppose 3 - a = y. Calculate x(y).
6
Let u(h) = h**2 - 10*h + 9. Let l be u(7). Let g be (-2)/(-7) + l/(-7). Let f(k) = -4*k. Give f(g).
-8
Let x(i) = 3*i**3 + 3 - 5*i - 4 - 1732*i**2 + 1729*i**2 - 2*i**3. Give x(4).
-5
Let n(p) = -3*p**2 - p. Let d(g) = -g**3 - 5*g**2 - 5*g - 3. Let c be d(-4). Give n(c).
-4
Let v(y) = 13*y**2 + 1. Let w(n) = -n**2 - 6*n - 6. Let s be w(-5). What is v(s)?
14
Let u(c) = 7*c - c**2 - 6 - 3 + 5. Give u(5).
6
Let n(r) = r**3 + 3*r**2 - 2*r - 3. Let c = -5 + 2. Determine n(c).
3
Let o(v) = 3*v + 2. Let c be o(4). Let s(t) = c*t**2 - 1 + 5*t - 3*t + 2. Calculate s(-1).
13
Let c(j) be the first derivative of 3*j**2 - 2*j - 7. What is c(2)?
10
Let x(g) = -2*g**3 + 3*g**2 - g. Suppose -2*u - 3 = -3*u, 4*u + 4 = 4*v. Suppose -v*y + z + 9 = 0, -y + 0*z + 5 = -3*z. Suppose -f + 0 + y = 0. What is x(f)?
-6
Let s(l) be the second derivative of l**5/10 + l**4/12 - l**3/6 + l**2/2 - 21*l. Calculate s(1).
3
Let t(z) = -z**3 - 6*z**2 - 7*z - 6. Let c be 5/(-10) - 41/(-2). Suppose -r - c = -3*r. Let l be (r/(-4) - 0)*2. Give t(l).
4
Let q(s) = -1. Let y(h) = h + 8. Let u(l) = -5*q(l) - y(l). Let g be u(-9). Suppose -g*t + 3*t + 6 = 0. Let w(b) = b**2 + 2*b + 1. Determine w(t).
9
Let d(l) be the third derivative of -l**2 - 1/6*l**4 + 1/6*l**3 + 0*l + 0. What is d(2)?
-7
Let l(n) = -2*n**3 - 10*n**2 - 2*n - 5. Let y(m) = 4 + m + 3*m**2 - 4*m**2 + m**3 + 6*m**2 - 2. Let p(q) = 3*l(q) + 7*y(q). Determine p(-4).
11
Let b(m) = -5*m**3 + 11*m**2 + 5*m + 1. Let u(z) = 9*z**3 - 21*z**2 - 10*z - 2. Let h(c) = -11*b(c) - 6*u(c). Suppose 24 = -11*j + 5*j. Determine h(j).
-3
Let t(g) = -g - 4. Suppose 4*p = -2*y + p - 7, 0 = -5*y + 2*p - 8. Let v(b) = -b - 5. Let w(k) = y*v(k) + 3*t(k). Give w(2).
-4
Let j be (18 + (-1 - 2))/3. Let v(t) be the second derivative of 0 - 1/20*t**j + t + 1/12*t**4 + t**2 + 1/2*t**3. Calculate v(3).
-7
Let y be 2/(-6) + 7/3. Suppose 0 = -5*s + 3*u - 6, s + u = y*u. Let m(a) = -a - 6. Determine m(s).
-3
Let g(v) = -4*v - 3. Let c(s) = s + 1. Let i(k) = 14*c(k) + 4*g(k). Calculate i(4).
-6
Let x(m) = m - 5. Let l be x(9). Let w(z) be the first derivative of -1/3*z**3 + 5/2*z**2 + 3 + 2*z. What is w(l)?
6
Let k(q) = -q**2 - 5*q + 4. Suppose 0 = -0*c - 5*c + 25. Let b be -4*c/((-40)/(-6)). Give k(b).
10
Let l(n) be the third derivative of 0 + 0*n + 0*n**4 + 4*n**2 - 1/3*n**3 - 1/60*n**5. Determine l(0).
-2
Let d(k) = 3*k. Suppose g = 5*u + 5, 1 = -0*u - u - 2*g. What is d(u)?
-3
Let d(l) = -2*l**2 + l - 1. Let m(c) be the first derivative of -c**3/3 - 3. Let o(r) = -d(r) - m(r). Let w(p) = -p**2 + 9*p - 7. Let k be w(8). Calculate o(k).
3
Let j(t) be the second derivative of t**5/20 + t**4/3 + 2*t**3/3 + 3*t**2/2 - 2*t. What is j(-3)?
0
Let v = 8 + -4. Let h be 2/(-16)*-10*v. Suppose h*s + 5*q = -30, -10 - 12 = 5*s + q. Let b(k) = k**2 + 5*k + 3. Determine b(s).
-1
Suppose -3*m + 4*f + 21 = -4*m, 2*m + 4*f = -22. Let p(r) = 9*r**3 - 3*r**2 + 4*r + 1. Let o(y) = -y**3 + y**2 - y. Let w(g) = -3*o(g) - p(g). Calculate w(m).
6
Let k = -51 + 54. Let y(b) be the second derivative of -1/3*b**3 + 0 - 5/12*b**4 + b**2 - 1/20*b**5 - k*b. Determine y(-2).
-6
Let z(d) = -d**3 - 10*d**2 - 8*d + 10. Let g be z(-9). Let f(a) be the third derivative of -a**5/30 + a**4/24 - a**3/6 + 3*a**2. What is f(g)?
-2
Suppose 0 = -r + 3*r + 12. Let q(h) be the second derivative of h**4/12 + 2*h**3/3 - 5*h**2/2 - 6*h. Determine q(r).
7
Let d(w) = w - 9. Let q = -1 - -6. Give d(q).
-4
Let x be (0 + 2)/(2/4). Suppose x*a = 3*r - 5, 2*a - 2 - 3 = -r. Let f(w) = w + w**2 - 5 - 2 + a. Determine f(0).
-6
Let c(p) be the third derivative of -p**5/60 - 5*p**4/24 - 7*p**2. Suppose 0*j + 12 = -2*j. What is c(j)?
-6
Let q(p) = p. Let l be q(2). Let t(s) = -s**3 + s**2 - s**2 - 2*s**l - 2*s**2 + 1. Suppose g + 9 = -2*g. What is t(g)?
-8
Suppose 4*t + 29 - 9 = 0. Let l(s) be the first derivative of -12*s - 1 - 1/2*s**2. Calculate l(t).
-7
Let f(h) = -h**2 - h + 1. Let l(u) = -u**2 - 3*u - 3. Let g(c) = -2*f(c) + l(c). Suppose -3*d = -0*d - 12. What is g(d)?
7
Let t = 6 + -7. Let o(v) = -v**2 - v - 1. Let k be o(t). Let w be (2 + -4)/(2/k). Let d(i) = -i. What is d(w)?
-1
Let v(z) = 0*z - 2 - 7*z**3 + 0*z + 8*z**3. What is v(0)?
-2
Suppose 6 = -3*g - 6. Let a(x) = -x + 6*x - x**3 + 6 + 2*x**3 + 5*x**2. Determine a(g).
2
Let w(z) = -z**2 + 2. Suppose 0 = 2*p - 6*p + 24. Suppose -5*n + 3*h = -16, -5*n + h - p = -18. What is w(n)?
-2
Let g(l) = 3*l + 12. Let d(q) = q + 4. Let a(k) = 7*d(k) - 2*g(k). Calculate a(-3).
1
Let b(d) = 2*d**2 - 9*d - 2. Let x(f) = f**2 - 4*f - 1. Let i(r) = -3*b(r) + 7*x(r). What is i(-1)?
1
Let f(y) = -y - 7. Let h be (18/4)/(12/(-16)). Let q be (h/3)/(4/10). Calculate f(q).
-2
Let z(j) be the third derivative of 0*j + 0 - 2*j**2 - 1/24*j**4 - 1/6*j**3 + 1/30*j**5. Let s(q) = -q**2 + 6*q - 6. Let v be s(4). Determine z(v).
5
Let l(m) be the first derivative of 2*m**3/3 - 3*m**2/2 + 2*m + 3. Let o be l(2). Let d(f) = -f**3 + 4*f**2 + 4*f - 5. Calculate d(o).
11
Let i(w) = 7*w + 1. Let n(p) = -p**2 - 17*p + 12. Let y be n(-17). Let j = 11 - y. Calculate i(j).
-6
Let t(l) = 4*l**2 + l + 1. Suppose -k = -3 - 21. Let d = k + -17. Suppose -4*u - d = -3. What is t(u)?
4
Let f = -21